{"id":15,"date":"2025-01-06T14:15:48","date_gmt":"2025-01-06T14:15:48","guid":{"rendered":"http:\/\/lagunasunset.com.br\/home\/make-your-summer-unforgetable-2\/"},"modified":"2025-01-06T17:56:51","modified_gmt":"2025-01-06T17:56:51","slug":"make-your-summer-unforgetable-2","status":"publish","type":"page","link":"https:\/\/lagunasunset.com.br\/home\/make-your-summer-unforgetable-2\/","title":{"rendered":"S\u00d3 SE PRENDA, AO QUE TE LIBERTA!"},"content":{"rendered":"<p>Felicidade \u00e9 compreender que a natureza \u00e9 o mais belo presente. (Albert Einstein)<\/p>\n<p>.<\/p>\n","protected":false},"excerpt":{"rendered":"<p>Felicidade \u00e9 compreender que a natureza \u00e9 o mais belo presente. (Albert Einstein) .<\/p>\n","protected":false},"author":1,"featured_media":119,"parent":0,"menu_order":0,"comment_status":"closed","ping_status":"closed","template":"","meta":{"footnotes":""},"class_list":["post-15","page","type-page","status-publish","has-post-thumbnail","hentry"],"_links":{"self":[{"href":"https:\/\/lagunasunset.com.br\/home\/wp-json\/wp\/v2\/pages\/15","targetHints":{"allow":["GET"]}}],"collection":[{"href":"https:\/\/lagunasunset.com.br\/home\/wp-json\/wp\/v2\/pages"}],"about":[{"href":"https:\/\/lagunasunset.com.br\/home\/wp-json\/wp\/v2\/types\/page"}],"author":[{"embeddable":true,"href":"https:\/\/lagunasunset.com.br\/home\/wp-json\/wp\/v2\/users\/1"}],"replies":[{"embeddable":true,"href":"https:\/\/lagunasunset.com.br\/home\/wp-json\/wp\/v2\/comments?post=15"}],"version-history":[{"count":3,"href":"https:\/\/lagunasunset.com.br\/home\/wp-json\/wp\/v2\/pages\/15\/revisions"}],"predecessor-version":[{"id":98,"href":"https:\/\/lagunasunset.com.br\/home\/wp-json\/wp\/v2\/pages\/15\/revisions\/98"}],"wp:featuredmedia":[{"embeddable":true,"href":"https:\/\/lagunasunset.com.br\/home\/wp-json\/wp\/v2\/media\/119"}],"wp:attachment":[{"href":"https:\/\/lagunasunset.com.br\/home\/wp-json\/wp\/v2\/media?parent=15"}],"curies":[{"name":"wp","href":"https:\/\/api.w.org\/{rel}","templated":true}]}}